).
12
What is the remainder when (58/1)/2 - -2 is divided by 16?
15
Let r = 5 + 0. Suppose -r*t = 5*n - 15, -4*t = 3*n - 0*t - 9. Suppose -n*d - 7*a + 41 = -3*a, d + 4*a = 3. Calculate the remainder when 37 is divided by d.
18
Let q = 7 - 7. Let b be (1/(-2))/((-5)/240). Suppose q*n - b = -3*n. Calculate the remainder when 14 is divided by n.
6
Suppose -5*i - 23 = 32. Let h = 0 - i. What is the remainder when 18 is divided by h?
7
Let j = -196 + 257. Calculate the remainder when j is divided by 31.
30
Let h(m) = 2*m**3 - 3*m**2 + 2*m + 1. Let l be h(2). Let o = l + 3. What is the remainder when 23 is divided by o?
11
Suppose 0 = -8*n + 119 + 81. What is the remainder when n is divided by 13?
12
Suppose -3*w = -0*w + 4*g + 312, 0 = 4*w + 3*g + 416. Let v be w/18 - (-4)/(-18). Calculate the remainder when 27 is divided by 144/10 - v/(-15).
13
Suppose 0 = -5*w + 10. What is the remainder when 1*(-1 + w) - -9 is divided by 4?
2
Suppose 3*x + 9 = 0, -w - w - 4*x = -14. Calculate the remainder when 63 is divided by w.
11
Let t(m) = -5*m**3 + m**2 + 2*m + 3. Calculate the remainder when 84 is divided by t(-2).
41
Suppose z = -4*z + 240. What is the remainder when z is divided by 17?
14
Let z(n) = n**2 + n - 2. Let c be z(-3). Calculate the remainder when ((-145)/(-10))/(2/c) is divided by 11 + (-1 - 0)*1.
9
Let x be (8/3)/(2/(-3)). Let p = -21 - -11. Let s = x - p. What is the remainder when 17 is divided by s?
5
Suppose 0 = 4*u - 27 + 3. What is the remainder when 17 is divided by u?
5
Suppose 0 = -h + j + 9, -h + 13 + 6 = 4*j. Calculate the remainder when 31 is divided by h.
9
Let q = 3 + 3. Let l(r) = r**2 + 11*r + 12. Let t be l(-10). What is the remainder when q is divided by (-68)/(-16) - t/8?
2
Suppose -4*p + 70 + 54 = 0. Suppose -5*d - 14 + 54 = 0. What is the remainder when p is divided by d?
7
Let y be (-2)/5 + 114/10. Let w = 17 - y. Suppose 0 = 2*r + 2, -41 = -5*b + 2*r - w*r. Calculate the remainder when 16 is divided by b.
7
Let g = 47 - 27. Calculate the remainder when 39 is divided by (10/4 + -2)*g.
9
Suppose -2*g + 124 = -0*g. Suppose 4*t = 2*k + g, -2*t - 3*k = -5*t + 48. Calculate the remainder when 43 is divided by t.
13
Suppose 3*c = 4*n - 55, 0 = -4*c - 20. Calculate the remainder when 59 is divided by n.
9
Suppose 5*j - 117 = -5*c + 153, 4*c = 20. Calculate the remainder when j is divided by 13.
10
Suppose -5*k + 3*o + 59 = 0, -k + 4*k - 4*o = 42. Let n be 0 - 1 - 22/(-2). What is the remainder when 176/n - (-2)/5 is divided by k?
8
Suppose 91 = 2*d - 75. Suppose 9*y - 28 = 8*y. Calculate the remainder when d is divided by y.
27
Let z(t) = t**2 - 2*t + 1. Calculate the remainder when 30 is divided by z(-3).
14
What is the remainder when 2*5/((-15)/(-33)) is divided by 13?
9
Suppose -4*s + k + 219 = 0, 2*s + 295 = 7*s + 3*k. Calculate the remainder when (18/4)/(21/s) is divided by 5.
2
Let v = -12 + 14. Suppose -3*n + 2 = -v*n. What is the remainder when 5 is divided by n?
1
Let g(m) = 4*m - 25. What is the remainder when g(15) is divided by 9?
8
Let o(d) = 2 + 3*d - 1 - 4*d + 4*d**2. What is the remainder when o(4) is divided by 21?
19
Let s be -4 + 6 + (0 - 2). Suppose s*w + 4*w + 8 = 2*z, 3*w - 46 = -5*z. What is the remainder when ((-2)/4)/((-1)/46) is divided by z?
7
Let b = 76 - 54. What is the remainder when b is divided by 8?
6
Suppose -6400 = -5*q + 2*b, -5*q + 4*b = -7470 + 1070. Calculate the remainder when q/28 - (-2)/7 is divided by 12.
10
Let u(h) be the first derivative of 5*h**2/2 - 7*h - 1. Suppose 1 + 1 = -j - 3*g, -g + 6 = j. Calculate the remainder when u(5) is divided by j.
8
Let x(z) = -z**2 - 9*z + 15. Let o(p) = p + 3. Calculate the remainder when x(-9) is divided by o(3).
3
Let u(x) = -x + 1. Let r(q) = 4. Let c(j) = 5*r(j) - 20*u(j). What is the remainder when 38 is divided by c(1)?
18
Suppose -99 = -15*t + 51. Let w = 58 - 39. Calculate the remainder when w is divided by t.
9
Let w = 13 + -7. Let m = w + 2. Calculate the remainder when 23 is divided by m.
7
Let n(g) = -7*g + 4. Let t be n(-6). Let b = -27 + t. Calculate the remainder when b is divided by (-16)/(-2) - 2*(5 + -6).
9
Suppose 8 = -3*u + u. Let m = u - -4. What is the remainder when 8 is divided by 5 + (m - 0)/3?
3
Let f = 63 - 18. Calculate the remainder when 86 is divided by f.
41
Suppose -2*h = -s + 3*h, -4*s + h = -19. Let k(f) = f**2 - 6*f + 7. Let u be k(s). What is the remainder when 43 is divided by (5 + -6)/(u/(-30))?
13
Suppose -3*p - 12 = 0, -4 = -5*v - 0*p - 4*p. Suppose g = -g - 4. Let d = g + 13. Calculate the remainder when d is divided by v.
3
Let s = 5 - 3. Suppose -18 = -3*p + r, 4*p + s*r - 24 = -r. Calculate the remainder when p is divided by 4.
2
Let y = 17 + -6. What is the remainder when 2/3 - (-116)/6 is divided by y?
9
Let a(t) = -24*t**3 + t**2 + t + 1. Suppose 0 = -2*d + 4. What is the remainder when a(-1) is divided by d - (2 + 2) - -11?
7
Suppose 2*a + 34 = 3*v, 3*v = -a + 25 + 12. Let b = v - 9. What is the remainder when b is divided by 2?
1
Let i(d) = -d**2 - 16*d - 14. What is the remainder when i(-11) is divided by 14?
13
Suppose -10*f + 81 = -f. Calculate the remainder when 123 is divided by f.
6
Suppose -3*m + 24 = c, 28 = 2*c - 2*m + 4*m. Calculate the remainder when 26 is divided by c.
8
What is the remainder when 41 is divided by ((-6)/(-9))/((-7)/(-231))?
19
Let y = -59 - -114. What is the remainder when y is divided by 22?
11
Suppose -h = -2*h + 2. Let j = h - 0. Suppose -3*y - 4*f + 13 = -2*f, 0 = -3*y + 3*f + 18. What is the remainder when y is divided by j?
1
Suppose 0 = 3*d - 8*d + 5*a + 5, -13 = -5*d - 3*a. Suppose b - d*b + 10 = 0. Calculate the remainder when b is divided by 4.
2
Suppose 3*q = n, -4*n = -5*n + q. Suppose n = -l + 1 + 3. Calculate the remainder when 11 is divided by l.
3
Let v(k) = 14*k**2 - k. Let w = -148 - -152. What is the remainder when v(1) is divided by w?
1
Let v = 2 + 21. Suppose 3*c + 30 = -3*d, -c + 3*c = d + 10. Let l = d + 18. What is the remainder when v is divided by l?
7
Let n(a) = 2*a**2 + 15*a + 2. Let p be n(-13). Let k = p - 67. Calculate the remainder when k is divided by 20.
18
Let t = 27 + -7. Calculate the remainder when t is divided by 3.
2
Let t(q) = q**3 + 7*q**2 + 8*q + 7. Let r(c) = 4*c + 8. Calculate the remainder when r(14) is divided by t(-5).
13
Suppose 0 = -18*h + 10*h + 120. What is the remainder when h is divided by 11?
4
Let p = 317 + -221. Calculate the remainder when p is divided by 21.
12
Let t = 2 + -1. Let j(s) = 3*s + 2. Let r be j(-2). Let z = r + 6. What is the remainder when z is divided by t?
0
Suppose 109 = 4*v + 5*y, 2*v - 37 = -0*v + y. What is the remainder when 62 is divided by v?
20
Suppose 2*p - 3*p = -7. What is the remainder when 10 is divided by p?
3
Suppose -3*n - 4*k = -9*k + 34, 0 = -n - 4*k. Let y be 0/(-3) - (n + -1). Let o = 3 + y. What is the remainder when 34 is divided by o?
10
Let u(d) = -d**3 + 18*d**2 + 2. What is the remainder when 9 is divided by u(18)?
1
Suppose -4*b - 14 = -6*b. Let q(i) = 13*i + 1. Let u be q(2). Suppose f = -3*c + u, 3*c + b = f + c. Calculate the remainder when 29 is divided by f.
14
Let q = -14 + -5. Let u = -8 - q. Calculate the remainder when 31 is divided by u.
9
Let k = 60 - 88. Let d be 3 + 1/((-2)/120). Let u = k - d. Calculate the remainder when u is divided by 15.
14
Suppose 2*t = -4*c - 2 + 12, 0 = -c + 5*t - 14. Let o(n) = -28*n**2 - n. Let b be o(c). Let r = 33 - b. What is the remainder when r is divided by 16?
14
Let l = 10 - 2. Suppose 3*u - 6*u = -9. What is the remainder when l is divided by u?
2
Let q = -38 - -70. Let c(m) = -m**3 + 6*m**2 + 3*m - 7. Suppose 0 = -4*g + 16 + 8. Calculate the remainder when q is divided by c(g).
10
Let h = -9 - -13. Suppose 18 = h*t - t. Calculate the remainder when 16 is divided by t.
4
Let s(a) = -3*a - 1. Calculate the remainder when s(-11) is divided by 17.
15
Let b(q) = -q**3 - 7*q**2 - 10*q - 6. Let h be b(-6). Let c(o) = -2*o**3 + 18*o**2 + 4*o - 20. What is the remainder when c(9) is divided by (-4)/18 + 166/h?
7
Let x be (-15)/2*(-8)/10. Let p(a) = 6*a - 8. Calculate the remainder when p(x) is divided by 15.
13
Let l = 91 + -151. Calculate the remainder when 4 is divided by 6/((l/8)/(-5)).
0
Let g(x) = -x**2 + 9*x - 7. Let 